- 62 = 0. Is q a composite number?
False
Let m(s) = -s**3 + 17*s**2 - 10*s + 13. Is m(11) a composite number?
True
Is 3/(-2)*2 - (17 - 2139) a prime number?
False
Let w be (-1114)/9 - (-8)/(-36). Is (-1)/(-3) + w/(-6) a composite number?
True
Suppose -4*u + 30 = 4*k + 10, 0 = 2*u - 3*k + 15. Suppose u = -x - 3*x + f + 523, -3*f = -x + 128. Is x composite?
False
Suppose 2 = 2*t + 2*i, 3*i - 5 + 23 = 4*t. Suppose -t*b + 5 = y - 45, 2*y + 4*b - 110 = 0. Is y composite?
True
Let y(o) be the third derivative of 13*o**4/8 + o**3 - 2*o**2. Let u be y(5). Let b = u + -78. Is b a composite number?
True
Let g(z) be the second derivative of -z**5/20 + z**4 + z**3/6 - 5*z**2/2 - 3*z. Is g(11) prime?
True
Let m be (-24)/(-11) - 8/44. Suppose m*p = -3*p + 60. Let o = 35 - p. Is o composite?
False
Let a(w) = w**2 + w + 1. Suppose -2*c + c + 6 = 0. Suppose 2*t + c + 14 = 0. Is a(t) composite?
True
Suppose -3*d - 2*i = 2*i + 3, 4*d + 32 = 4*i. Let p(q) = -8*q - 1. Is p(d) prime?
False
Let k(p) = p**3 + p**2 + p - 3. Let r be k(5). Suppose 5*w - r - 390 = -4*v, 2*v = 2*w - 224. Suppose z = -z + w. Is z a composite number?
True
Suppose -3*z - 6*z = -6759. Is z composite?
False
Suppose -y + 10 = 4*y. Let w(f) = -5 - 3*f**3 + f**2 - 2*f**3 + 6*f**3 + 6*f - 5*f**y. Is w(4) prime?
True
Suppose 5*r - 3327 = 658. Is r prime?
True
Let r = 269 + -169. Suppose r = 2*d - 168. Suppose g - d = -g. Is g prime?
True
Suppose -2*c - 38 = -2*s, 5*s - 74 + 29 = -5*c. Suppose 0 = -3*j + 2*b + 57, 43 + s = 3*j - b. Is j composite?
False
Suppose -143 - 4 = -3*f. Is f composite?
True
Suppose -p - 78 = -235. Is p composite?
False
Suppose -5*z = 5*v + 3834 - 14294, 9 = -3*v. Is z a composite number?
True
Suppose 0 = 3*b - 4*w - 53, 3*w - 54 = -4*b + 5*w. Suppose 0 = -b*v + 9*v + 134. Is v prime?
True
Let w(q) = 17*q**2 - 4*q + 1. Is w(4) prime?
True
Let y(x) = x**2 - 4*x + 9. Let d(b) = 5*b + 2*b**2 - 9 - b**2 - 2*b**2. Let v(q) = 6*d(q) + 5*y(q). Is v(6) a composite number?
True
Let l = 371 + -256. Suppose 2*o - 199 - l = 0. Is o prime?
True
Suppose -4*g - 3*n = -15 - 0, 0 = -3*g - 2*n + 11. Suppose 0 = 3*r - g*m - 1026, r + 4*m - 154 = 173. Suppose -2*t = -5*t + r. Is t a composite number?
False
Let s(h) = -1 - 1 + 0*h + h - 5. Let y be s(9). Suppose q + y*q = 195. Is q a prime number?
False
Suppose 16 = 4*x, -2*x + 0*x - 1527 = -5*g. Is g prime?
True
Suppose m = -3*l + 94 + 383, -l + m + 155 = 0. Let c = 321 - l. Is c a composite number?
False
Suppose -2*v - v + 513 = 0. Let n = 256 - v. Is n a composite number?
True
Let l(x) = x - 16. Let t be l(15). Is t + (225 - (1 + 0)) a composite number?
False
Let o = 235 + -142. Let g be (-1)/((3/3)/55). Let j = o + g. Is j a composite number?
True
Let s(k) = 3*k + 5. Let h be s(-4). Let u(i) = -12*i - 7. Is u(h) prime?
False
Let r(p) = 3*p**3 - p**2 - 4*p. Let b be r(4). Let q(o) = -2*o**2 - 29 + 3*o**2 + b. Is q(0) a prime number?
True
Suppose 8*t = 9*t - 739. Is t composite?
False
Let p = -687 + 467. Let m = -149 - p. Suppose 5*d - 270 = 5*j, m = d + 5*j + 23. Is d prime?
True
Suppose 0 = 2*z - 0*z. Is 34 + 9/3 + z composite?
False
Let b(a) = -17*a + 13. Is b(-6) a composite number?
True
Suppose y + 3*v - 1 = 0, -4*y - 5*v - 1 - 2 = 0. Let k be (0 + -1)/(3/(-45)). Let l = k + y. Is l prime?
True
Suppose 0 = 2*p + 4, 2*u + 6*p + 514 = p. Let d = u + 409. Is d a composite number?
False
Let v(q) = 8*q - 29. Is v(9) prime?
True
Let d(c) = c**3 + 3*c**2 + c - 2. Suppose 4*x = -3*f + 2*f - 8, 2*f = 2*x + 4. Let a be d(x). Let i(b) = -b + 11. Is i(a) composite?
False
Let n(m) = -2*m**2 - 4*m - 2. Let c be n(-8). Is (0 - c)*(-8)/(-16) a prime number?
False
Suppose -9 = -w + 94. Is w a composite number?
False
Let j be 1*1/2*0. Let n(l) = -2 + 2*l**2 + j + 7 - 4*l. Is n(5) a prime number?
False
Is -3 + (3 + 0)/(4/4128) a prime number?
False
Suppose 0 = 3*u - 3, -3*y = -u - 7 - 22. Suppose -2*p + y = -28. Is p prime?
True
Suppose 11*q = 7*q + 5104. Suppose -q = -4*a - 3*v, -3*a - 189 = -4*v - 1146. Is a a prime number?
False
Let s(q) = -603*q + 20. Is s(-3) prime?
False
Is (-12)/(-54) + (-4348)/(-36) prime?
False
Suppose 2*w + 3*w = -5*a + 2445, 1467 = 3*a - 2*w. Is a a prime number?
False
Suppose t + 58 - 186 = 0. Let u = 195 - t. Is u a prime number?
True
Let x(u) be the first derivative of 2/3*u**3 - 5/2*u**2 - 5*u - 1. Is x(6) composite?
False
Suppose 2*p - 12 = -0*p. Let j(w) be the second derivative of w**4/4 - 3*w**3/2 + 3*w**2/2 + 4*w. Is j(p) composite?
True
Suppose -7 = -3*v + 2*i, -4*i + 7 = 4*v - 9. Suppose r - 3 = 0, 4*h + v*r - 13 = 3*h. Suppose 2*y = -t + 3 + h, -5*t + 25 = 5*y. Is t prime?
True
Let z(s) = -s**2 + 251. Is z(0) a composite number?
False
Suppose -51 = 3*r + 36. Let s(j) = 2*j**2 - 5*j + 1. Let c be s(6). Let k = r + c. Is k a composite number?
True
Suppose 0 = -z + 4 - 3. Let i(v) = -v**3 + v**2 + 2*v - 3. Let n be i(2). Is n/z*(-106)/6 composite?
False
Let l(t) = 2*t**2 + 6. Let p be l(-6). Is 2/(-3)*p/(-4) a composite number?
False
Let b(v) = -15*v**3 - 19*v**2 + 6*v + 6. Let s(q) = -3*q**2 - 3 - 3*q + 8*q**3 + 13*q**2 + 0*q. Let l(m) = 6*b(m) + 11*s(m). Is l(-4) prime?
False
Suppose -8 = -h + 3*h, -3*h - 372 = 5*x. Let t = -41 - x. Is t prime?
True
Let j = -63 - -442. Is j composite?
False
Let b be -1*(-5 - 1/1). Suppose 4*z - 2 = b. Suppose z = x - 8. Is x a composite number?
True
Let p(w) = -w**2 - w + 1. Let t be p(1). Let r(l) = -126*l + 1. Is r(t) composite?
False
Suppose w = 615 - 172. Is w a composite number?
False
Suppose 0 = -n - l + 691, -2*n - l + 458 + 924 = 0. Is n composite?
False
Let s(u) = u - 1. Let j = -4 + 1. Let a be s(j). Is (a - -1) + 268*1 composite?
True
Let u be (-16)/(-3) - 1/3. Let h = 9 - u. Suppose -3*i + 3*p + 90 = -0*p, 5*i - h*p - 153 = 0. Is i a composite number?
True
Suppose -3*m - 4 = 5*g, 5*g + 14 + 0 = 2*m. Let z(b) = -4*b**3 + b**2 + 0*b**3 + 3*b - 3*b**2 + 3. Is z(g) composite?
True
Let q(a) = a**2 - 4*a. Let b be q(5). Let h(m) = 5*m**2 - 8*m - 7. Let i be h(-5). Suppose b*x - i = 27. Is x a prime number?
True
Is 887/3*2/((-6)/(-9)) composite?
False
Let j be (3 - -2)*(0 + 1). Let c = j + 62. Is c a composite number?
False
Is (-6)/21 + (-989)/(-7) prime?
False
Let h = -7660 + 10893. Is h composite?
True
Suppose -k - 32 = -4*a + k, -13 = -a + 3*k. Is a a composite number?
False
Suppose -3*i + 12767 = -4*u, -4*i - 4*u = -10878 - 6126. Is i prime?
True
Suppose 114 = 9*j - 75. Is j composite?
True
Suppose r + 2*r = 6. Let p = 5 - r. Is 49*1 - (p - 5) composite?
True
Let z be 3/(2 - -1)*83. Let p = 298 + z. Is p prime?
False
Let w(s) = -s**3 + 24*s**2 - 4. Is w(21) a prime number?
True
Suppose 3 = -5*i + 188. Suppose b - 98 = -3*r + 6, -2*b - i = -r. Is r prime?
False
Let m = -126 + 268. Is m prime?
False
Suppose 3*b = 169 + 131. Let y = 261 - b. Is y prime?
False
Let u be (-18)/(-4) - (-8)/16. Suppose 2*h + 2*p = 256, 0*p = u*h + p - 636. Is h a prime number?
True
Is (-3 + -1 + 3)*-97 prime?
True
Suppose -4*u = 4*w - 3*u - 568, 5*w - 3*u = 727. Is w prime?
False
Let a = 178 - 99. Is a a composite number?
False
Let s(c) = 251*c**2. Is s(-1) composite?
False
Let c = 0 - -3. Suppose v = c*z - 2*z - 157, -z + 5*v + 157 = 0. Is z composite?
False
Let c = 1272 + -502. Let o = c + 213. Is o a composite number?
False
Suppose 0*b = 5*b - 215. Suppose 0 = 5*g - 308 + b. Is g a prime number?
True
Suppose -5*v - 2 + 27 = 0. Suppose w + 4*w = 435. Suppose 4*f - 121 = -v*r + 14, 2*r - 5*f = w. Is r prime?
True
Is (-4)/10 - (68216/(-40) - -2) prime?
False
Let y be 46/4 - 3/6. Suppose -4*m + 0*m + y = b, -b + 5 = m. Suppose 3*i - 96 = -3*w, -m*w = 5*i - 3*w - 190. Is i composite?
False
Suppose 0*x = -3*n - 5*x + 1759, 0 = 3*x - 6. Is n composite?
True
Let h(n) = -3*n**3 - n - 1. Let q be h(-1). Suppose 0*r - 2*r + 755 = -3*x, -4*r + 1483 = q*x. Is r composite?
False
Suppose z - 50 - 69 = 0. Suppose -z = -q - 26. Is q prime?
False
Let z = 5 + -4. Is (-6)/4*-8 - z prime?
True
Is (2/6)/(21/(-189)) - -17720 prime?
False
Suppose -6*x + 5802 = 1956. Is x prime?
True
Suppose -4*l - 588 = -0*l. Let u = -76 - l. Let j = -4 + u. Is j composite?
False
Let r(h) = -22*h + 49. Is r(-18) composite?
True
Let n be 39/12 + (-4)/16. Suppose -n*k + 8 = -k. Suppose 5*d - 2*d = k*x - 207, 200 = 4*x + 4*d. Is x compo